 y = -10 - x. Let p(j) = 4*j + 19. Is 15 a factor of p(y)?
False
Suppose -5*g + 1027 = 4*b, 4 + 201 = g + b. Is g a multiple of 53?
False
Suppose -4 = 8*w - 4*w. Let a = w + 25. Does 12 divide a?
True
Let m(l) = -11*l - 2. Let c be m(-4). Let v = c - 21. Let f = v - -24. Does 10 divide f?
False
Let g(y) = y**2 - 5*y + 3. Let v be g(5). Suppose 3*s = -0*s + 4*u + 22, v*s - u = 10. Suppose -2*f - s = -38. Does 6 divide f?
True
Let x(u) = -16*u + 956. Is 2 a factor of x(57)?
True
Suppose -3*m + 2*p - 3*p = 236, 0 = 4*p + 8. Let g = 178 + m. Is g a multiple of 10?
True
Suppose 2*j = s - 2094, -5*s + 4320 + 6186 = 2*j. Is 60 a factor of s?
True
Suppose 4*x + 4*l - 2004 = 0, 7 = 4*l + 19. Does 29 divide x?
False
Let w = 369 + 330. Is w a multiple of 58?
False
Suppose 4*d - 52 = 4*v, 2*d - 27 = 4*v - v. Suppose -7*t + d*t = 0. Let x(o) = o**3 - o**2 + o + 26. Is x(t) a multiple of 13?
True
Suppose 20 = 3*z + j, -11 = -4*z - j + 14. Suppose 5*p + 5*g + 11 = 4*p, -2*g = -z*p + 26. Does 2 divide p?
True
Let g = 14 - 0. Suppose g*m - 15*m + 40 = 0. Is m a multiple of 8?
True
Suppose -1208 = -4*x + 4*t, 20 = 5*t - 5. Let o = x + -139. Is o a multiple of 19?
False
Let t(a) = -a**3 - 3*a**2 + 8*a - 30. Is 32 a factor of t(-9)?
True
Let s be (6/(-5)*1)/((-3)/40). Let k = s - -77. Is 22 a factor of k?
False
Is 33 - (-1 - -2) - 0/21 a multiple of 32?
True
Suppose 4*z - 4*d - 56 = 0, 0 = 4*z - 2*d + 6*d - 16. Suppose 5*f = 6*f - z. Is 14 a factor of (9/6)/(f/168)?
True
Suppose -5*u - 5*v = -5, -u + 0*u + 5 = -v. Suppose u*d = d. Suppose 39 = a + 5*i, d = a + a - 5*i - 3. Does 9 divide a?
False
Let f = -2 + 3. Let c be 0 + 1 - (-3 + f). Does 29 divide (c - 2)*(-116)/(-2)?
True
Let w(t) = t + 1. Let f(u) = 65*u + 1. Let l(r) = f(r) + 2*w(r). Is l(3) a multiple of 12?
True
Let v = 12 + -7. Suppose -o - v*g + 7 = 18, -g = -5*o + 23. Suppose 2*m = 3*y + 22 + 20, -o*y = -3*m + 62. Is 6 a factor of m?
True
Let t = 6 + -2. Suppose 4*m = -6*c + 2*c + 32, t*m - 4*c = 8. Suppose 38 = m*i + b, 5*i + 3*b = -2*b + 30. Does 5 divide i?
False
Let u be (15 - 23)*2/4 + 2. Is (-9549)/(-45) + u/10 a multiple of 14?
False
Is 62 a factor of (18/((-432)/(-56)))/((-2)/(-3138))?
False
Let h(a) = -6*a + 3. Let r be h(-4). Let i be r/12 + (-21)/(-28). Let o(j) = 33*j - 7. Is 19 a factor of o(i)?
False
Suppose 5*i - 4*i + 1116 = 4*o, -4*i = -16. Does 13 divide o?
False
Let o be ((-20)/8)/((-3)/(6 + 0)). Suppose 52 = o*v - 128. Is v a multiple of 12?
True
Let h(k) = 33*k**3 - k**2 + k + 2. Does 22 divide h(2)?
True
Suppose 0 = 4*s - 3*b + 60, 0*s + 3*s = 3*b - 48. Let o(p) = -390*p - 5. Let f be o(s). Does 7 divide 2/(-13) + f/221?
True
Does 5 divide (1/(15/(-27)))/(63/(-3255))?
False
Suppose -233 = 5*n - 188. Let v(y) be the second derivative of -y**4/12 - 11*y**3/6 - 5*y**2 - y. Is v(n) a multiple of 2?
True
Let v = -3764 - -5714. Is v a multiple of 130?
True
Let y = 698 - 598. Does 7 divide y?
False
Let i(k) = 214*k - 13. Is i(7) a multiple of 35?
False
Let d(g) be the second derivative of -13/6*g**3 + 2*g + 0 + 1/2*g**2. Is 9 a factor of d(-1)?
False
Let c = -167 - -188. Does 7 divide c?
True
Let v = -36 + 112. Suppose -436 = -3*x - v. Is x a multiple of 30?
True
Suppose 2*u + 0 = 16. Let k(p) = 4*p**3 + 17*p**2 - 16*p. Let o(r) = 3*r**3 + 11*r**2 - 11*r. Let x(q) = -5*k(q) + 7*o(q). Is x(u) a multiple of 8?
True
Let n be 3/12 - 55/(-20). Suppose 0 = -n*p - 4*f + 177, 5*p + f + 2*f = 284. Does 11 divide p?
True
Suppose -2*b + b = 5*o + 95, -2*o - 60 = -4*b. Let z be 42/(-8)*160/(-12). Let p = o + z. Is p a multiple of 25?
True
Let n(u) = u - 76. Let j(y) = -19. Let d(i) = 9*j(i) - 2*n(i). Does 15 divide d(-19)?
False
Let l be 1 + (-5 - 7)*2/(-3). Let o(n) = 4*n - 3. Let x be o(3). Let w = l + x. Is w a multiple of 3?
True
Let y(w) = w**3 - 4*w**2 - 4*w - 1. Let n be y(5). Suppose -n*m + 68 = 2*c, 0 = 4*m - 4*c - 47 + 3. Suppose 4*l = 5*l - m. Does 15 divide l?
True
Let d be 7 + (3/(-1))/1. Let h be (3 - -2)*(5 - d). Suppose -h*m + 87 = -3. Is 17 a factor of m?
False
Let y(z) = -z + 14. Let l be y(17). Is 22 a factor of (-1032)/(-16) + l/(-2)?
True
Let d = -266 + 493. Suppose -4*p - 3*z + 176 = -z, -5*p + z = -d. Does 8 divide p?
False
Suppose 3*z + 4*x - 681 = x, x = -4*z + 920. Does 7 divide z?
True
Let b(o) = 3*o**2 + 15*o - 186. Is 18 a factor of b(26)?
True
Suppose 3*d + 2*d = -v + 322, d = 3*v - 1014. Suppose -3*f = 5*g - v, 0*g - 230 = -2*f + 2*g. Is 19 a factor of f?
True
Let k = 49 + -60. Is 11 + k - ((-2)/1 - 49) a multiple of 17?
True
Suppose 3*y = y - 4. Let c be y/6 + 16/3. Suppose c*l = 3*l + 66. Is l a multiple of 11?
True
Let z(u) = -2*u**3 - 41*u**2 - 44*u + 39. Does 14 divide z(-20)?
False
Suppose 6*o + 5*j = 9322, -5*o - 3*j + 5677 = -2089. Is 8 a factor of o?
True
Let o be 1/3 + 11/((-33)/(-356)). Let k = 0 + 0. Suppose k = 5*g - 2*c - 2*c - o, -3*c + 12 = 0. Is 9 a factor of g?
True
Suppose 4*f - 2303 = -0*v - 3*v, 0 = 3*f + 3. Does 69 divide v?
False
Let c be (3393/145)/((-2)/(20/(-2))). Suppose -119 - c = -2*w. Is w a multiple of 22?
False
Suppose -7695 = -34*g + 7*g. Is g a multiple of 5?
True
Let m = 1391 + -1281. Is m a multiple of 8?
False
Let w(x) = 1 + 16*x + 12*x + 3*x - 2*x. Is 12 a factor of w(7)?
True
Suppose -296 = 6*v - 8*v. Suppose -2*h = -5*t + 243, -3*t + v = -0*t + h. Does 7 divide t?
True
Is 33 a factor of (5 + 1)/(36/990)?
True
Suppose -4*k + 3*h - 77 = 18, k = -5*h - 18. Let i = k + 50. Suppose c - i = 38. Is 13 a factor of c?
True
Suppose 7*p - 24*p = -2142. Is 41 a factor of p?
False
Suppose 32*d - 1262 = -110. Does 4 divide d?
True
Let f = -391 - -398. Is 2 a factor of f?
False
Let y(d) = -89*d - 521. Is y(-10) a multiple of 19?
False
Let a = 2965 + -2009. Is a a multiple of 83?
False
Suppose -15 = 10*p - 11*p. Does 11 divide (-1 - -1) + (p - -200)?
False
Is 10 a factor of ((-8)/8)/(3/(-87))?
False
Let j(t) = -t**3 + t**2 + 19*t + 1. Is j(-6) even?
False
Let p be ((-64)/(-12))/(3/18). Let a = 109 - p. Is a a multiple of 11?
True
Let i(c) = 3*c - 9. Let p be i(4). Suppose b = -p*b + 16. Suppose b*f + 21 = 3*n + 173, -f + 38 = 5*n. Does 19 divide f?
True
Let o = 89 + -100. Let g(c) = 23*c. Let t be g(1). Let n = o + t. Is 4 a factor of n?
True
Let z be (-19)/7 - (-8)/(-28). Is 17 a factor of z - 6*-6 - -1?
True
Let x be 277/2 + 10/(-20). Suppose -g = -5*o + 85, -5*o + 3*g - 43 + x = 0. Is 4 a factor of o?
True
Is (2/1)/(-14) - (-13611)/21 a multiple of 6?
True
Suppose -4*r = -5*g + 10, 0 = -2*g + 4 - 0. Suppose r = -7*y + 1500 - 198. Does 41 divide y?
False
Suppose -34 = 2*d - 4*m, -5 = -3*m + 10. Let h(c) = -5*c + 9. Is 11 a factor of h(d)?
True
Let n(t) = 32*t - 359. Does 6 divide n(24)?
False
Suppose 483*c - 482*c = 376. Is c a multiple of 8?
True
Let r(o) = o**3 - 19*o**2 + 30*o + 7. Let l be r(17). Let p = -21 - l. Does 8 divide p?
True
Let d = 48 + -45. Is 6 a factor of (-9 + 1)*(-1 + 0)*d?
True
Is (161 - -9 - -3)/1 a multiple of 3?
False
Let f(b) = 3*b - 1. Let x be f(10). Let d = 49 - x. Is d a multiple of 2?
True
Suppose -m - x + 5*x = -5, -3*m + x = -4. Let i be (-1 - -4)*1 - m. Let k(l) = 7*l**3 - 3*l + 1. Does 29 divide k(i)?
False
Let r(g) be the second derivative of 25*g**3/6 + g**2 + 26*g. Does 12 divide r(4)?
False
Suppose -2*n = -2*y + 108, 2*y - 4*y + 123 = 3*n. Is y a multiple of 19?
True
Suppose -10*g = -3944 - 9246. Does 6 divide g?
False
Let r(m) = -162*m**3 - m**2 + 2*m + 1. Let o be r(-1). Let n(u) = -u + 4. Let j be n(-6). Suppose o = j*v - 5*v. Does 8 divide v?
True
Let d(t) = t - 10. Let x be d(10). Suppose -3*k + y + 936 = x, -2*k = 4*y - 822 + 184. Is 10 a factor of k?
False
Suppose -724 - 4091 = -4*k + 3*q, -5*q = 2*k - 2375. Is 24 a factor of k?
True
Let f = 35 + -5. Suppose 4*m - 45 = -5*v, -7*m + f = -2*m + v. Is 8 a factor of 16/((-5)/(m/(-2)))?
True
Let z(c) = 98*c + 23. Is 28 a factor of z(3)?
False
Let b(y) = 2*y - 8 + y + 23*y. Is 11 a factor of b(5)?
False
Suppose -h - 2*m = -23, -2*h - 5*m + 3*m = -44. Is (-6)/h - (-306)/42 a multiple of 7?
True
Let b(g) = 23*g**2 + 81*g + 13. Is 47 a factor of b(-7)?
False
Suppose 25*i = 7*i + 3366. Does 17 divide i?
True
Let a(f) = 350*f + 27. Is a(1) a multiple of 29?
True
Let p = 1860 - -330. Is 10 a factor of p?
True
Let c(u) = -u**2 + 6. Let y be c(2). Suppose 